the remainder when 969257 is divided by 967089?
2168
Calculate the remainder when 6403780 is divided by 3201855.
70
What is the remainder when 11435970 is divided by 22?
18
Calculate the remainder when 135257 is divided by 4511.
4438
Calculate the remainder when 3979482 is divided by 1989730.
22
What is the remainder when 419028926 is divided by 135?
131
What is the remainder when 1266642 is divided by 316307?
1414
Calculate the remainder when 28204 is divided by 5573.
339
Calculate the remainder when 1523271 is divided by 4687.
4683
Calculate the remainder when 608402 is divided by 8568.
74
Calculate the remainder when 2156066 is divided by 888.
2
Calculate the remainder when 634397 is divided by 979.
5
Calculate the remainder when 10561393 is divided by 78.
37
What is the remainder when 77098 is divided by 378?
364
What is the remainder when 10878733 is divided by 4399?
6
Calculate the remainder when 5788376 is divided by 65.
61
What is the remainder when 68207682 is divided by 6200697?
15
Calculate the remainder when 25696879 is divided by 8260.
19
What is the remainder when 17491639 is divided by 1369?
1295
What is the remainder when 1037266 is divided by 1501?
75
Calculate the remainder when 471585 is divided by 250.
85
What is the remainder when 99794 is divided by 3110?
274
Calculate the remainder when 204666 is divided by 10692.
1518
Calculate the remainder when 73488700 is divided by 6680789.
21
What is the remainder when 4223557 is divided by 202?
141
Calculate the remainder when 4436673 is divided by 251.
248
What is the remainder when 12980436 is divided by 2001?
1950
What is the remainder when 7875 is divided by 603?
36
Calculate the remainder when 1494112 is divided by 1160.
32
What is the remainder when 243101 is divided by 22100?
1
Calculate the remainder when 142415 is divided by 141730.
685
Calculate the remainder when 262308 is divided by 15426.
66
Calculate the remainder when 744597 is divided by 75.
72
What is the remainder when 32808247 is divided by 483?
472
Calculate the remainder when 3016152 is divided by 1187.
1172
What is the remainder when 259010 is divided by 1622?
1112
What is the remainder when 23846467 is divided by 1576?
11
What is the remainder when 187945 is divided by 3453?
1483
Calculate the remainder when 5064076 is divided by 67.
15
What is the remainder when 1674589 is divided by 1044?
13
Calculate the remainder when 5568971 is divided by 53.
49
Calculate the remainder when 1626877 is divided by 46482.
7
What is the remainder when 1828589 is divided by 50?
39
What is the remainder when 980560 is divided by 1969?
1967
What is the remainder when 176736934 is divided by 1874?
1868
Calculate the remainder when 207248 is divided by 682.
602
What is the remainder when 9520686 is divided by 6700?
6686
Calculate the remainder when 220965 is divided by 554.
473
What is the remainder when 1539331 is divided by 76965?
31
Calculate the remainder when 39395918 is divided by 116.
114
Calculate the remainder when 18878770 is divided by 992.
18
Calculate the remainder when 441041 is divided by 441015.
26
Calculate the remainder when 26372835 is divided by 26372833.
2
Calculate the remainder when 21896619 is divided by 375.
369
Calculate the remainder when 91000 is divided by 21.
7
What is the remainder when 1850040 is divided by 33036?
24
Calculate the remainder when 12780326 is divided by 374.
372
Calculate the remainder when 2330118 is divided by 89617.
76
What is the remainder when 761957 is divided by 761937?
20
Calculate the remainder when 39109 is divided by 16031.
7047
What is the remainder when 23087 is divided by 9467?
4153
Calculate the remainder when 50780504 is divided by 14488.
64
What is the remainder when 802784 is divided by 133785?
74
Calculate the remainder when 4494094 is divided by 224.
206
Calculate the remainder when 983129 is divided by 327681.
86
What is the remainder when 952805 is divided by 242?
51
What is the remainder when 419237 is divided by 69798?
449
What is the remainder when 75167 is divided by 6748?
939
What is the remainder when 408765 is divided by 1440?
1245
What is the remainder when 506329095 is divided by 91?
90
What is the remainder when 513969 is divided by 108?
105
What is the remainder when 53629 is divided by 1192?
1181
Calculate the remainder when 15109461 is divided by 188867.
101
Calculate the remainder when 1679300979 is divided by 20.
19
Calculate the remainder when 6605432 is divided by 91742.
8
Calculate the remainder when 3683151 is divided by 45471.
0
Calculate the remainder when 2658167 is divided by 292.
91
Calculate the remainder when 12743826 is divided by 657.
654
Calculate the remainder when 43968523 is divided by 226.
223
What is the remainder when 60732726 is divided by 341195?
16
Calculate the remainder when 2914085 is divided by 31334.
23
Calculate the remainder when 3626837 is divided by 84343.
88
Calculate the remainder when 202932806 is divided by 77.
76
What is the remainder when 301294 is divided by 125?
44
Calculate the remainder when 16563024 is divided by 569.
3
Calculate the remainder when 7379999 is divided by 57209.
38
Calculate the remainder when 503135 is divided by 918.
71
What is the remainder when 835708 is divided by 10071?
9886
Calculate the remainder when 7388360 is divided by 6585.
6575
Calculate the remainder when 16581 is divided by 15688.
893
Calculate the remainder when 3463613 is divided by 2374.
2321
What is the remainder when 12106441 is divided by 134516?
1
Calculate the remainder when 10457598 is divided by 377.
372
Calculate the remainder when 202834 is divided by 202802.
32
Calculate the remainder when 1973008 is divided by 657370.
898
Calculate the remainder when 29880888 is divided by 65.
63
What is the remainder when 23424603 is divided by 523?
479
What is the remainder when 382796 is divided by 1016?
780
What is the remainder when 213542 is divided by 706?
330
Calculate the remainder when 30065215 is divided by 2682.
2677
Calculate the remainder when 184508 is divided by 46124.
12
Calculate the remainder when 2227322 is divided by 39.
32
What is the remainder when 385710 is divided by 192580?
550
What is the remainder when 5010 is divided by 981?
105
What is the remainder when 1186607 is divided by 370?
17
Calculate the remainder when 1089108 is divided by 679.
671
What is the remainder when 95668705 is divided by 1161?
1144
Calculate the remainder when 4875753 is divided by 696536.
1
Calculate the remainder when 56121 is divided by 18391.
948
What is the remainder when 354537 is divided by 87643?
3965
Calculate the remainder when 1173013 is divided by 55856.
37
What is the remainder when 188936 is divided by 4866?
4028
What is the remainder when 14839167 is divided by 25?
17
What is the remainder when 244775 is divided by 121839?
1097
Calculate the remainder when 932048 is divided by 307.
303
What is the remainder when 11840 is divided by 11686?
154
What is the remainder when 2262693 is divided by 483?
321
What is the remainder when 837249 is divided by 1217?
1170
Calculate the remainder when 206198 is divided by 3039.
2585
Calculate the remainder when 15208 is divided by 151.
108
Calculate the remainder when 2038884 is divided by 1210.
34
What is the remainder when 258159 is divided by 10323?
84
Calculate the remainder when 2040194 is divided by 284.
222
What is the remainder when 1225522 is divided by 2591?
2570
What is the remainder when 46190 is divided by 673?
426
What is the remainder when 9537734 is divided by 25?
9
Calculate the remainder when 295173 is divided by 976.
421
Calculate the remainder when 1112974 is divided by 473.
5
What is the remainder when 4400113 is divided by 2?
1
What is the remainder when 236907522 is divided by 302?
300
What is the remainder when 46969 is divided by 2028?
325
Calculate the remainder when 194381 is divided by 48.
29
What is the remainder when 36598878 is divided by 3049906?
6
Calculate the remainder when 105910 is divided by 2115.
160
What is the remainder when 422405 is divided by 12068?
25
Calculate the remainder when 88799 is divided by 155.
139
What is the remainder when 73944 is divided by 23495?
3459
Calculate the remainder when 25844 is divided by 8279.
1007
Wha